{"id":165,"date":"2015-01-18T16:27:12","date_gmt":"2015-01-18T16:27:12","guid":{"rendered":"http:\/\/www.geotechnika.org.pl\/?page_id=165"},"modified":"2022-02-17T21:52:18","modified_gmt":"2022-02-17T21:52:18","slug":"komisja-ds-certyfikatow","status":"publish","type":"page","link":"https:\/\/www.geotechnika.org.pl\/?page_id=165","title":{"rendered":"Komisja ds. Certyfikat\u00f3w"},"content":{"rendered":"<hr \/>\n<ul>\n<li>dr hab. in\u017c. Andrzej Gruchot \u2013 przewodnicz\u0105cy <\/li>\n<li>prof. dr hab. in\u017c. Kazimierz Gwizda\u0142a <\/li>\n<li>prof. dr hab. in\u017c. Zbigniew Lechowicz<\/li>\n<li>prof. dr hab. in\u017c. Anna Siemi\u0144ska-Lewandowska<\/li>\n<li>prof. dr hab. in\u017c. Bohdan Zadroga<\/li>\n<\/ul>\n","protected":false},"excerpt":{"rendered":"<p>dr hab. in\u017c. Andrzej Gruchot \u2013 przewodnicz\u0105cy prof. dr hab. in\u017c. Kazimierz Gwizda\u0142a prof. dr hab. in\u017c. Zbigniew Lechowicz prof. dr hab. in\u017c. Anna Siemi\u0144ska-Lewandowska prof. dr hab. in\u017c. Bohdan Zadroga<\/p>\n","protected":false},"author":1,"featured_media":0,"parent":162,"menu_order":0,"comment_status":"closed","ping_status":"closed","template":"","meta":{"footnotes":""},"class_list":["post-165","page","type-page","status-publish","hentry"],"_links":{"self":[{"href":"https:\/\/www.geotechnika.org.pl\/index.php?rest_route=\/wp\/v2\/pages\/165","targetHints":{"allow":["GET"]}}],"collection":[{"href":"https:\/\/www.geotechnika.org.pl\/index.php?rest_route=\/wp\/v2\/pages"}],"about":[{"href":"https:\/\/www.geotechnika.org.pl\/index.php?rest_route=\/wp\/v2\/types\/page"}],"author":[{"embeddable":true,"href":"https:\/\/www.geotechnika.org.pl\/index.php?rest_route=\/wp\/v2\/users\/1"}],"replies":[{"embeddable":true,"href":"https:\/\/www.geotechnika.org.pl\/index.php?rest_route=%2Fwp%2Fv2%2Fcomments&post=165"}],"version-history":[{"count":8,"href":"https:\/\/www.geotechnika.org.pl\/index.php?rest_route=\/wp\/v2\/pages\/165\/revisions"}],"predecessor-version":[{"id":1383,"href":"https:\/\/www.geotechnika.org.pl\/index.php?rest_route=\/wp\/v2\/pages\/165\/revisions\/1383"}],"up":[{"embeddable":true,"href":"https:\/\/www.geotechnika.org.pl\/index.php?rest_route=\/wp\/v2\/pages\/162"}],"wp:attachment":[{"href":"https:\/\/www.geotechnika.org.pl\/index.php?rest_route=%2Fwp%2Fv2%2Fmedia&parent=165"}],"curies":[{"name":"wp","href":"https:\/\/api.w.org\/{rel}","templated":true}]}}