{"id":171,"date":"2015-01-18T16:30:33","date_gmt":"2015-01-18T16:30:33","guid":{"rendered":"http:\/\/www.geotechnika.org.pl\/?page_id=171"},"modified":"2022-02-17T21:51:23","modified_gmt":"2022-02-17T21:51:23","slug":"komisja-ds-kwalifikacji-referatow-na-kongresy-miedzynarodowe","status":"publish","type":"page","link":"https:\/\/www.geotechnika.org.pl\/?page_id=171","title":{"rendered":"Komisja ds. Kwalifikacji Referat\u00f3w na Kongresy Mi\u0119dzynarodowe"},"content":{"rendered":"<hr \/>\n<ul>\n<li>prof. dr hab. in\u017c. Zbigniew Lechowicz \u2013 przewodnicz\u0105cy<\/li>\n<li>prof. dr hab. in\u017c. Kazimierz Gwizda\u0142a<\/li>\n<li>prof. dr hab. in\u017c. Adam Krasi\u0144ski<\/li>\n<li>prof. dr hab. in\u017c. Marek Lefik<\/li>\n<li>prof. dr hab. in\u017c. Wojciech Pu\u0142a<\/li>\n<li>prof. dr hab. in\u017c. Anna Siemi\u0144ska-Lewandowska<\/li>\n<li>prof. dr hab. in\u017c. Waldemar \u015awidzi\u0144ski<\/li>\n<li>prof. dr hab. in\u017c. J\u0119drzej Wierzbicki<\/li>\n<li>prof. dr hab. in\u017c. Katarzyna Zabielska-Adamska<\/li>\n<\/ul>\n","protected":false},"excerpt":{"rendered":"<p>prof. dr hab. in\u017c. Zbigniew Lechowicz \u2013 przewodnicz\u0105cy prof. dr hab. in\u017c. Kazimierz Gwizda\u0142a prof. dr hab. in\u017c. Adam Krasi\u0144ski prof. dr hab. in\u017c. Marek Lefik prof. dr hab. in\u017c. Wojciech Pu\u0142a prof. dr hab. in\u017c. Anna Siemi\u0144ska-Lewandowska prof. dr hab. in\u017c. Waldemar \u015awidzi\u0144ski prof. dr hab. in\u017c. J\u0119drzej Wierzbicki prof. dr hab. in\u017c. Katarzyna [&hellip;]<\/p>\n","protected":false},"author":1,"featured_media":0,"parent":162,"menu_order":0,"comment_status":"closed","ping_status":"closed","template":"","meta":{"footnotes":""},"class_list":["post-171","page","type-page","status-publish","hentry"],"_links":{"self":[{"href":"https:\/\/www.geotechnika.org.pl\/index.php?rest_route=\/wp\/v2\/pages\/171","targetHints":{"allow":["GET"]}}],"collection":[{"href":"https:\/\/www.geotechnika.org.pl\/index.php?rest_route=\/wp\/v2\/pages"}],"about":[{"href":"https:\/\/www.geotechnika.org.pl\/index.php?rest_route=\/wp\/v2\/types\/page"}],"author":[{"embeddable":true,"href":"https:\/\/www.geotechnika.org.pl\/index.php?rest_route=\/wp\/v2\/users\/1"}],"replies":[{"embeddable":true,"href":"https:\/\/www.geotechnika.org.pl\/index.php?rest_route=%2Fwp%2Fv2%2Fcomments&post=171"}],"version-history":[{"count":8,"href":"https:\/\/www.geotechnika.org.pl\/index.php?rest_route=\/wp\/v2\/pages\/171\/revisions"}],"predecessor-version":[{"id":1382,"href":"https:\/\/www.geotechnika.org.pl\/index.php?rest_route=\/wp\/v2\/pages\/171\/revisions\/1382"}],"up":[{"embeddable":true,"href":"https:\/\/www.geotechnika.org.pl\/index.php?rest_route=\/wp\/v2\/pages\/162"}],"wp:attachment":[{"href":"https:\/\/www.geotechnika.org.pl\/index.php?rest_route=%2Fwp%2Fv2%2Fmedia&parent=171"}],"curies":[{"name":"wp","href":"https:\/\/api.w.org\/{rel}","templated":true}]}}