{"id":175,"date":"2015-01-18T16:31:21","date_gmt":"2015-01-18T16:31:21","guid":{"rendered":"http:\/\/www.geotechnika.org.pl\/?page_id=175"},"modified":"2022-02-17T21:55:55","modified_gmt":"2022-02-17T21:55:55","slug":"komisja-ds-odznaczen-nagrod-i-wyroznien","status":"publish","type":"page","link":"https:\/\/www.geotechnika.org.pl\/?page_id=175","title":{"rendered":"Komisja ds. Order\u00f3w i Odznacze\u0144"},"content":{"rendered":"<hr \/>\n<ul>\n<li>prof. dr hab. in\u017c. Joanna Bz\u00f3wka \u2013 przewodnicz\u0105ca<\/li>\n<li>prof. dr hab. in\u017c. Eugeniusz Dembicki<\/li>\n<li>prof. dr hab. in\u017c. Zbigniew M\u0142ynarek<\/li>\n<\/ul>\n","protected":false},"excerpt":{"rendered":"<p>prof. dr hab. in\u017c. Joanna Bz\u00f3wka \u2013 przewodnicz\u0105ca prof. dr hab. in\u017c. Eugeniusz Dembicki prof. dr hab. in\u017c. Zbigniew M\u0142ynarek<\/p>\n","protected":false},"author":1,"featured_media":0,"parent":162,"menu_order":0,"comment_status":"closed","ping_status":"closed","template":"","meta":{"footnotes":""},"class_list":["post-175","page","type-page","status-publish","hentry"],"_links":{"self":[{"href":"https:\/\/www.geotechnika.org.pl\/index.php?rest_route=\/wp\/v2\/pages\/175","targetHints":{"allow":["GET"]}}],"collection":[{"href":"https:\/\/www.geotechnika.org.pl\/index.php?rest_route=\/wp\/v2\/pages"}],"about":[{"href":"https:\/\/www.geotechnika.org.pl\/index.php?rest_route=\/wp\/v2\/types\/page"}],"author":[{"embeddable":true,"href":"https:\/\/www.geotechnika.org.pl\/index.php?rest_route=\/wp\/v2\/users\/1"}],"replies":[{"embeddable":true,"href":"https:\/\/www.geotechnika.org.pl\/index.php?rest_route=%2Fwp%2Fv2%2Fcomments&post=175"}],"version-history":[{"count":7,"href":"https:\/\/www.geotechnika.org.pl\/index.php?rest_route=\/wp\/v2\/pages\/175\/revisions"}],"predecessor-version":[{"id":1386,"href":"https:\/\/www.geotechnika.org.pl\/index.php?rest_route=\/wp\/v2\/pages\/175\/revisions\/1386"}],"up":[{"embeddable":true,"href":"https:\/\/www.geotechnika.org.pl\/index.php?rest_route=\/wp\/v2\/pages\/162"}],"wp:attachment":[{"href":"https:\/\/www.geotechnika.org.pl\/index.php?rest_route=%2Fwp%2Fv2%2Fmedia&parent=175"}],"curies":[{"name":"wp","href":"https:\/\/api.w.org\/{rel}","templated":true}]}}