{"id":2,"date":"2014-12-29T15:48:43","date_gmt":"2014-12-29T15:48:44","guid":{"rendered":"http:\/\/www.geotechnika.org.pl\/?page_id=2"},"modified":"2015-02-07T15:04:03","modified_gmt":"2015-02-07T15:04:03","slug":"przykladowa-strona","status":"publish","type":"page","link":"https:\/\/www.geotechnika.org.pl\/?page_id=2","title":{"rendered":"O PKG"},"content":{"rendered":"<hr \/>\n<p align=\"justify\">Polski Komitet Geotechniki jest stowarzyszeniem in\u017cynier\u00f3w geotechnik\u00f3w o wysokich kwalifikacjach zawodowych, zatrudnionych w instytucjach naukowo-badawczych jak r\u00f3wnie\u017c w przedsi\u0119biorstwach projektowo-wykonawczych.<\/p>\n<p align=\"justify\">PKG stanowi integraln\u0105 cz\u0119\u015b\u0107 Mi\u0119dzynarodowego Stowarzyszenia Mechaniki Grunt\u00f3w i In\u017cynierii Geotechnicznej (ISSMGE \u2013<a href=\"http:\/\/www.issmge.org\/\" target=\"_blank\">www.issmge.org<\/a>). Integracja zapewnia systematyczny przep\u0142yw informacji o nowoczesnych i unikalnych rozwi\u0105zaniach w dziedzinie mechaniki grunt\u00f3w i fundamentowania.<\/p>\n<p align=\"justify\">Z uwagi na fakt konieczno\u015bci wykonywania opinii geotechnicznych dla wszystkich obiekt\u00f3w budowlanych na podstawie Rozporz\u0105dzenia Ministra Spraw Wewn\u0119trznych i Administracji z dn. 24.09.1998 (Dz. U. Nr 126 poz. 839) wzros\u0142a ranga in\u017cynierii geotechnicznej oraz potrzeba aktywnego udzia\u0142u in\u017cynier\u00f3w geotechnik\u00f3w w procesie przygotowania i wykonania przedsi\u0119wzi\u0119\u0107 budowlanych.<\/p>\n<header class=\"entry-header\">\n<h3 class=\"entry-title\"><strong>Misja<\/strong><\/h3>\n<\/header>\n<div class=\"entry-content\">\n<div align=\"justify\">Nasz\u0105 misj\u0105 jest integracja specjalist\u00f3w z zakresu szeroko rozumianej geotechniki i dziedzin pokrewnych, stworzenie przestrzeni do wymiany pogl\u0105d\u00f3w i do\u015bwiadcze\u0144, upowszechnianie wiedzy, dobrych praktyk a tak\u017ce nowoczesnych metod, technik i technologii w projektowaniu i realizacji inwestycji geotechnicznych oraz nieustanne podnoszenie profesjonalizmu i kwalifikacji cz\u0142onk\u00f3w PKG. Naszymi dzia\u0142aniami pragniemy r\u00f3wnie\u017c podkre\u015bli\u0107 rol\u0119 geotechniki, tak\u017ce w aspektach ekonomicznych, w prowadzeniu wszelkich inwestycji. Nabiera to szczeg\u00f3lnego znaczenia w perspektywie intensywnie rozwijaj\u0105cego si\u0119 zagospodarowania powierzchni oraz rozwoju i przebudowy linii komunikacyjnych, kt\u00f3rych wymaga organizacja EURO 2012.<\/div>\n<h3 align=\"justify\"><strong>Cele<\/strong><\/h3>\n<div align=\"justify\">\n<p>Swoj\u0105 misj\u0119 realizujemy poprzez:<\/p>\n<ul>\n<li>inicjowanie i organizacj\u0119 paneli dyskusyjnych, organizacj\u0119 spotka\u0144, wyk\u0142ad\u00f3w, seminari\u00f3w, konferencji w celu stworzenia przestrzeni do wymiany do\u015bwiadcze\u0144, prezentowania dobrych praktyk, nowych metod, techniki i technologii.<\/li>\n<li>propagowanie, wspieranie zainteresowa\u0144 prac\u0105 naukow\u0105 i badawcz\u0105 z zakresu geotechniki w\u015br\u00f3d student\u00f3w.<\/li>\n<li>wy\u0142anianie i promocj\u0119 najlepszych rozwi\u0105za\u0144 i produkt\u00f3w w zakresie geotechniki, wspieranie dobrych praktyk poprzez przyznawanie wyr\u00f3\u017cnie\u0144 dla najlepszych i nowoczesnych realizacji in\u017cynierskich.<\/li>\n<li>wsp\u00f3\u0142prac\u0119 z jednostkami samorz\u0105du terytorialnego oraz upowszechnianie wiedzy w zakresie geotechniki i jej znaczenia w projektowaniu in\u017cynierskim.<\/li>\n<li>konsultowanie i opiniowanie akt\u00f3w prawnych, norm, instrukcji itp.<\/li>\n<li>dzia\u0142anie na rzecz standaryzacji przepis\u00f3w oraz zmian istniej\u0105cych i tworzenie nowych przepis\u00f3w prawnych w dziedzinie geotechniki.<\/li>\n<li>wykonywanie wszelkiego rodzaju opracowa\u0144 geotechnicznych (ekspertyz, opinii itp.) dotycz\u0105cych trudnych i nietypowych warunk\u00f3w posadowienia i ziemnych prac in\u017cynierskich.<\/li>\n<li>szeroko pojmowany konsulting naukowy.<\/li>\n<\/ul>\n<h3><strong>\u00a0Rys historyczny<\/strong><\/h3>\n<div class=\"entry-content\">\n<p>Polski Komitet Geotechniki dzia\u0142a od 1991 r. jako samodzielna organizacja naukowo-techniczna zrzeszaj\u0105ca in\u017cynier\u00f3w i technik\u00f3w, zajmuj\u0105cych si\u0119 szeroko poj\u0119t\u0105 geotechnik\u0105. Polski Komitet Geotechniki powsta\u0142 w 1948 r. i wchodzi\u0142 w sk\u0142ad Naczelnej Organizacji Technicznej w Warszawie jako samodzielne stowarzyszenie naukowo-techniczne. Nasza organizacja jest cz\u0142onkiem Mi\u0119dzynarodowego Stowarzyszenia Mechaniki Grunt\u00f3w i Geotechniki, kt\u00f3re powsta\u0142o w 1936 r. Za\u00adkres dzia\u0142alno\u015bci naukowo-technicznej Polskiego Komitetu Geotechniki jest bardzo szeroki i obejmuje nast\u0119puj\u0105ce dyscypliny: mechanik\u0119 grunt\u00f3w i fundamentowanie budowli l\u0105dowych i wodnych, budownictwo ziemne i podziemne, l\u0105dowe, komunikacyjne i wodne, w tym morskie oraz budownictwo na terenach g\u00f3rniczych.<\/p>\n<\/div>\n<\/div>\n<\/div>\n","protected":false},"excerpt":{"rendered":"<p>Polski Komitet Geotechniki jest stowarzyszeniem in\u017cynier\u00f3w geotechnik\u00f3w o wysokich kwalifikacjach zawodowych, zatrudnionych w instytucjach naukowo-badawczych jak r\u00f3wnie\u017c w przedsi\u0119biorstwach projektowo-wykonawczych. PKG stanowi integraln\u0105 cz\u0119\u015b\u0107 Mi\u0119dzynarodowego Stowarzyszenia Mechaniki Grunt\u00f3w i In\u017cynierii Geotechnicznej (ISSMGE \u2013www.issmge.org). Integracja zapewnia systematyczny przep\u0142yw informacji o nowoczesnych i unikalnych rozwi\u0105zaniach w dziedzinie mechaniki grunt\u00f3w i fundamentowania. Z uwagi na fakt konieczno\u015bci wykonywania [&hellip;]<\/p>\n","protected":false},"author":1,"featured_media":0,"parent":0,"menu_order":2,"comment_status":"closed","ping_status":"closed","template":"","meta":{"footnotes":""},"class_list":["post-2","page","type-page","status-publish","hentry"],"_links":{"self":[{"href":"https:\/\/www.geotechnika.org.pl\/index.php?rest_route=\/wp\/v2\/pages\/2","targetHints":{"allow":["GET"]}}],"collection":[{"href":"https:\/\/www.geotechnika.org.pl\/index.php?rest_route=\/wp\/v2\/pages"}],"about":[{"href":"https:\/\/www.geotechnika.org.pl\/index.php?rest_route=\/wp\/v2\/types\/page"}],"author":[{"embeddable":true,"href":"https:\/\/www.geotechnika.org.pl\/index.php?rest_route=\/wp\/v2\/users\/1"}],"replies":[{"embeddable":true,"href":"https:\/\/www.geotechnika.org.pl\/index.php?rest_route=%2Fwp%2Fv2%2Fcomments&post=2"}],"version-history":[{"count":8,"href":"https:\/\/www.geotechnika.org.pl\/index.php?rest_route=\/wp\/v2\/pages\/2\/revisions"}],"predecessor-version":[{"id":478,"href":"https:\/\/www.geotechnika.org.pl\/index.php?rest_route=\/wp\/v2\/pages\/2\/revisions\/478"}],"wp:attachment":[{"href":"https:\/\/www.geotechnika.org.pl\/index.php?rest_route=%2Fwp%2Fv2%2Fmedia&parent=2"}],"curies":[{"name":"wp","href":"https:\/\/api.w.org\/{rel}","templated":true}]}}