{"id":208,"date":"2015-01-18T17:01:32","date_gmt":"2015-01-18T17:01:32","guid":{"rendered":"http:\/\/www.geotechnika.org.pl\/?page_id=208"},"modified":"2024-10-24T21:00:49","modified_gmt":"2024-10-24T19:00:49","slug":"oddzial-slaski","status":"publish","type":"page","link":"https:\/\/www.geotechnika.org.pl\/?page_id=208","title":{"rendered":"Oddzia\u0142 \u015al\u0105ski"},"content":{"rendered":"<hr \/>\n<div style=\"float: left;\"><strong>Politechnika \u015al\u0105ska<br \/>\nWydzia\u0142 Budownictwa<br \/>\nKatedra Geotechniki i Dr\u00f3g<\/strong><br \/>\nul. Akademicka 5, 44-100 Gliwice<strong>Przewodnicz\u0105cy &#8211; dr in\u017c. Zygmunt Bartoszek<\/strong><br \/>\ne-mail: <a href=\"mailto:z.bartoszek@gmail.com\">z.bartoszek@gmail.com<\/a><\/p>\n<p><strong>Sekretarz &#8211; dr in\u017c. Marian \u0141upie\u017cowiec<\/strong><br \/>\ne-mail: <a href=\"mailto:mlupiezowiec@polsl.pl\" target=\"_blank\" rel=\"noopener\">mlupiezowiec@polsl.pl<\/a><\/p>\n<p><a href=\"http:\/\/pkg-slask.org.pl\/\" target=\"_blank\" rel=\"noopener\">Strona WWW Oddzia\u0142u \u015al\u0105skiego<\/a><\/p>\n<\/div>\n<div style=\"float: right;\"><iframe loading=\"lazy\" style=\"border: 0;\" src=\"https:\/\/www.google.com\/maps\/embed?pb=!1m14!1m8!1m3!1d2549.1065982390983!2d18.677906000000004!3d50.289938!3m2!1i1024!2i768!4f13.1!3m3!1m2!1s0x471131018e49372d%3A0x2c5a3ab54294390c!2sAkademicka+5%2C+Gliwice!5e0!3m2!1spl!2spl!4v1423604218107\" width=\"600\" height=\"450\" frameborder=\"0\"><\/iframe><\/div>\n","protected":false},"excerpt":{"rendered":"<p>Politechnika \u015al\u0105ska Wydzia\u0142 Budownictwa Katedra Geotechniki i Dr\u00f3g ul. Akademicka 5, 44-100 GliwicePrzewodnicz\u0105cy &#8211; dr in\u017c. Zygmunt Bartoszek e-mail: z.bartoszek@gmail.com Sekretarz &#8211; dr in\u017c. Marian \u0141upie\u017cowiec e-mail: mlupiezowiec@polsl.pl Strona WWW Oddzia\u0142u \u015al\u0105skiego<\/p>\n","protected":false},"author":1,"featured_media":0,"parent":159,"menu_order":7,"comment_status":"closed","ping_status":"closed","template":"","meta":{"footnotes":""},"class_list":["post-208","page","type-page","status-publish","hentry"],"_links":{"self":[{"href":"https:\/\/www.geotechnika.org.pl\/index.php?rest_route=\/wp\/v2\/pages\/208","targetHints":{"allow":["GET"]}}],"collection":[{"href":"https:\/\/www.geotechnika.org.pl\/index.php?rest_route=\/wp\/v2\/pages"}],"about":[{"href":"https:\/\/www.geotechnika.org.pl\/index.php?rest_route=\/wp\/v2\/types\/page"}],"author":[{"embeddable":true,"href":"https:\/\/www.geotechnika.org.pl\/index.php?rest_route=\/wp\/v2\/users\/1"}],"replies":[{"embeddable":true,"href":"https:\/\/www.geotechnika.org.pl\/index.php?rest_route=%2Fwp%2Fv2%2Fcomments&post=208"}],"version-history":[{"count":14,"href":"https:\/\/www.geotechnika.org.pl\/index.php?rest_route=\/wp\/v2\/pages\/208\/revisions"}],"predecessor-version":[{"id":1519,"href":"https:\/\/www.geotechnika.org.pl\/index.php?rest_route=\/wp\/v2\/pages\/208\/revisions\/1519"}],"up":[{"embeddable":true,"href":"https:\/\/www.geotechnika.org.pl\/index.php?rest_route=\/wp\/v2\/pages\/159"}],"wp:attachment":[{"href":"https:\/\/www.geotechnika.org.pl\/index.php?rest_route=%2Fwp%2Fv2%2Fmedia&parent=208"}],"curies":[{"name":"wp","href":"https:\/\/api.w.org\/{rel}","templated":true}]}}