{"id":293,"date":"2015-01-26T21:00:07","date_gmt":"2015-01-26T21:00:07","guid":{"rendered":"http:\/\/www.geotechnika.org.pl\/?page_id=293"},"modified":"2015-01-26T21:00:07","modified_gmt":"2015-01-26T21:00:07","slug":"prof-zw-dr-hab-inz-zbigniew-grabowski","status":"publish","type":"page","link":"https:\/\/www.geotechnika.org.pl\/?page_id=293","title":{"rendered":"Prof. zw. dr hab. in\u017c. Zbigniew Grabowski"},"content":{"rendered":"<p align=\"justify\"><strong><a href=\"http:\/\/www.geotechnika.org.pl\/wp-content\/uploads\/2015\/01\/Zbigniew-Grabowski.jpg\"><img loading=\"lazy\" decoding=\"async\" class=\"alignright size-full wp-image-294\" src=\"http:\/\/www.geotechnika.org.pl\/wp-content\/uploads\/2015\/01\/Zbigniew-Grabowski.jpg\" alt=\"Zbigniew Grabowski\" width=\"254\" height=\"320\" srcset=\"https:\/\/www.geotechnika.org.pl\/wp-content\/uploads\/2015\/01\/Zbigniew-Grabowski.jpg 254w, https:\/\/www.geotechnika.org.pl\/wp-content\/uploads\/2015\/01\/Zbigniew-Grabowski-238x300.jpg 238w\" sizes=\"auto, (max-width: 254px) 100vw, 254px\" \/><\/a>Profesor Zbigniew Grabowski<\/strong> 8 marca 2010 r. obchodzi\u0142 Jubileusz 80-lecia. Z tej okazji w Instytucie Dr\u00f3g i Most\u00f3w Politechniki Warszawskiej odby\u0142o si\u0119 wsp\u00f3lne uroczyste posiedzenie Kolegium Instytutu i Zak\u0142adu Geotechniki i\u00a0Budowli Podziemnych, kt\u00f3rymi to jednostkami Profesor kierowa\u0142 przez wiele lat. A oto kr\u00f3tki \u017cyciorys Jubilata.<\/p>\n<p align=\"justify\">Profesor Zbigniew Grabowski urodzi\u0142 si\u0119 dnia 8 marca 1930 roku w Warszawie. Szko\u0142\u0119 powszechn\u0105 uko\u0144czy\u0142 w 1944 roku, matur\u0119 uzyska\u0142 w 1950 roku w Liceum im. Hugona Ko\u0142\u0142\u0105taja w Warszawie. Studia wy\u017csze odby\u0142 w latach 1950 \u2013 1954 na Wydziale Budownictwa L\u0105dowego Politechniki Warszawskiej, uzyskuj\u0105c stopie\u0144 in\u017cyniera budownictwa l\u0105dowego. W latach 1954 \u2013 1956 studiowa\u0142 na Wydziale Budownictwa Przemys\u0142owego Politechniki Warszawskiej, na kt\u00f3rym uzyska\u0142 stopie\u0144 magistra in\u017cyniera budownictwa przemys\u0142owego.<\/p>\n<p align=\"justify\">Dzia\u0142alno\u015b\u0107 naukowa i dydaktyczna Pana Profesora Zbigniewa Grabowskiego jest nierozerwalnie zwi\u0105zana z\u00a0 Politechnik\u0105 Warszawsk\u0105, gdzie prac\u0119 naukow\u0105 i dydaktyczn\u0105 rozpocz\u0105\u0142 w\u00a01953 roku w Katedrze Mechaniki Grunt\u00f3w i Fundamentowania na Wydziale Budownictwa Przemys\u0142owego jako zast\u0119pca asystenta, a nast\u0119pnie asystent i starszy asystent.<\/p>\n<p align=\"justify\">Stopie\u0144 naukowy doktora uzyska\u0142 Profesor w 1964 r. na Wydziale In\u017cynierii Sanitarnej i Wodnej na podstawie rozprawy pt. \u201eGeotechniczne w\u0142asno\u015bci spoistych grunt\u00f3w pochodzenia fliszowego\u201d, wykonanej pod kierownictwem prof. Zenona Wi\u0142una.<\/p>\n<p align=\"justify\">Stopie\u0144 naukowy doktora habilitowanego nadany Mu zosta\u0142 w 1967 roku przez t\u0119 sam\u0105 Rad\u0119 Wydzia\u0142u na podstawie rozprawy habilitacyjnej pt. \u201eZag\u0119szczanie mieszanek cemento-gruntowych poprzez poddawanie ich dzia\u0142aniu wibrowania\u201d.<\/p>\n<p align=\"justify\">W 1967 roku Prof. Zbigniew Grabowski zostaje docentem, w 1970 roku uzyskuje tytu\u0142 naukowy profesora nadzwyczajnego, a w 1975 roku profesora zwyczajnego.<\/p>\n<p align=\"justify\">Poczynaj\u0105c od 1960 roku pracuje w Katedrze Geotechniki na Wydziale In\u017cynierii Sanitarnej i Wodnej Politechniki Warszawskiej jako starszy asystent \/1960-1964\/, adiunkt \/1964-1967\/ oraz docent etatowy \/1967-1970\/.<\/p>\n<p align=\"justify\">W 1970 r. \u2013 po szeregu reorganizacji na Politechnice Warszawskiej \u2013 Profesor Zbigniew Grabowski obejmuje kierownictwo nowo powo\u0142anego Instytutu Dr\u00f3g i Most\u00f3w na Wydziale In\u017cynierii L\u0105dowej Politechniki Warszawskiej, kt\u00f3ry powsta\u0142 z\u00a0po\u0142\u0105czenia Wydzia\u0142u Budownictwa L\u0105dowego, Przemys\u0142owego i cz\u0119\u015bci Wydzia\u0142u Komunikacji. Jest dyrektorem Instytutu Dr\u00f3g i Most\u00f3w do 1986 roku, b\u0119d\u0105c jednocze\u015bnie kierownikiem Zak\u0142adu Geotechniki, a nast\u0119pnie Zak\u0142adu Geotechniki i\u00a0Budowli Podziemnych. Nie wdaj\u0105c si\u0119 w analiz\u0119 r\u00f3\u017cnych, kontrowersyjnych cz\u0119sto ocen przyczyn i skutk\u00f3w reformy uczelni wy\u017cszych, trzeba stwierdzi\u0107, \u017ce system instytutowy na Wydziale In\u017cynierii L\u0105dowej sprawdzi\u0142 si\u0119 w znacznym stopniu. Mimo nie\u0142atwych okres\u00f3w ju\u017c sam fakt czterdziestoletniego trwania Instytutu Dr\u00f3g i Most\u00f3w m\u00f3wi sam za siebie. Du\u017ca w tym zas\u0142uga Jubilata, kt\u00f3ry stworzy\u0142 okre\u015blony styl kierowania t\u0105 jednostk\u0105 uczelnian\u0105.<\/p>\n<p align=\"justify\">R\u00f3wnolegle z prac\u0105 naukowo-dydaktyczn\u0105 Zbigniew Grabowski pracuje zawodowo jako in\u017cynier na budowie \u00f3wczesnego Dworca Centralnego w Warszawie \/1953-1954\/, starszy projektant w biurze Projekt\u00f3w Konstrukcji Stalowych Budownictwa \/1956-1957\/, kierownik Dzia\u0142u Technicznego \/1958-1961\/ i dyrektor techniczny w administracji Politechniki Warszawskiej \/1961-1962\/, konsultant naukowy z zakresu geotechniki w\u00a0Przedsi\u0119biorstwie \u201eGeoprojekt\u201d \/1969-1975\/.<\/p>\n<p align=\"justify\">W wyniku praktyki zawodowej w 1959 roku uzyskuje uprawnienia budowlane z art. 362 Prawa Budowlanego oraz w\u00a01965 roku uprawnienia geologiczne.<\/p>\n<p align=\"justify\">Profesor Zbigniew Grabowski by\u0142 r\u00f3wnie\u017c organizatorem zaj\u0119\u0107 z Mechaniki Grunt\u00f3w i Fundamentowania w filii Politechniki Warszawskiej w Olsztynie \/1965\/ i Wy\u017cszej Szkole In\u017cynierskiej w Lublinie \/1966\/.<\/p>\n<p align=\"justify\">W grudniu 1985 roku zosta\u0142 powo\u0142any na stanowisko Rektora Politechniki Warszawskiej, a w maju 1986 roku zosta\u0142 wybrany na t\u0119 funkcj\u0119, kt\u00f3r\u0105 pe\u0142ni\u0142 do listopada 1988 roku.<\/p>\n<p align=\"justify\">We wrze\u015bniu 1988 roku zosta\u0142 powo\u0142any na stanowisko ministra \u2013 kierownika Urz\u0119du Post\u0119pu Naukowo-Technicznego, kt\u00f3r\u0105 to funkcj\u0119 pe\u0142ni\u0142 do wrze\u015bnia 1989 roku.<\/p>\n<p align=\"justify\">Profesor Zbigniew Grabowski pe\u0142ni\u0142 tak\u017ce liczne funkcje poza Politechnik\u0105 Warszawsk\u0105 \u2013 by\u0142 przewodnicz\u0105cym Rad Naukowych w Instytucie Meteorologii i Gospodarki Wodnej \/1976-1991\/, Instytucie Badawczym Dr\u00f3g i Most\u00f3w \/1974-1991\/, Centralnym O\u015brodku Badawczo \u2013 Rozwojowym Kolejnictwa \/1978-1990\/, w Centralnym O\u015brodku Badawczo \u2013 Rozwojowym Budownictwa Wodno \u2013 In\u017cynieryjnego \u201eHydrobudowa\u201d \/1978-1985\/, wiceprzewodnicz\u0105cym Rady Naukowej Instytutu Techniki Budowlanej \/1975-1986\/, Instytutu Kszta\u0142towania \u015arodowiska \/1976-1984\/, Rady G\u0142\u00f3wnej NOT \/1976-1981\/, Zarz\u0105du G\u0142\u00f3wnego SITK \/1972-1978\/, Rady Naukowo \u2013 Konsultacyjnej Metra Warszawskiego \/od 1983 do dzisiaj\/, cz\u0142onkiem Centralnej Komisji ds. Kadr Naukowych \/1973-1986\/, przewodnicz\u0105cym Sekcji Nauk Technicznych CKK \/1984-1986\/ przy przewodnicz\u0105cym Rady Pa\u0144stwa, przewodnicz\u0105cym Polskiego Komitetu Wielkich Zap\u00f3r \/1978 \u2013 2000\/. Jest te\u017c cz\u0142onkiem Mi\u0119dzynarodowego Stowarzyszenia Mechaniki Grunt\u00f3w i Fundamentowania (ISSMFE) oraz Mi\u0119dzynarodowej Komisji Wielkich Zap\u00f3r (ICOLD).<\/p>\n<p align=\"justify\">Profesor Zbigniew Grabowski by\u0142 r\u00f3wnie\u017c d\u0142ugoletnim przewodnicz\u0105cym Zespo\u0142u Dydaktyczno-Wychowawczego Kierunku Budownictwo \/1973-1989\/ i Resortowej Komisji Bada\u0144 Podstawowych \/1976-1989\/, dzia\u0142aj\u0105cych w Ministerstwie Szkolnictwa Wy\u017cszego oraz cz\u0142onkiem Rady Konsultacyjnej \/1986-1989\/. By\u0142 cz\u0142onkiem Sekcji Mechaniki Grunt\u00f3w, Fundamentowania i Ska\u0142 oraz Sekcji Konstrukcji Hydrotechnicznych w Komitecie In\u017cynierii L\u0105dowej i Wodnej PAN.<\/p>\n<p align=\"justify\">G\u0142\u00f3wn\u0105 problematyk\u0105 zainteresowa\u0144 badawczych Profesora Zbigniewa Grabowskiego by\u0142y zagadnienia bada\u0144 fizykomechanicznych w\u0142a\u015bciwo\u015bci grunt\u00f3w oraz zagadnienia stabilizacji grunt\u00f3w. Wyniki bada\u0144 przedstawione w kilkudziesi\u0119ciu publikacjach krajowych, na konferencjach krajowych i zagranicznych znalaz\u0142y zastosowanie w budownictwie.<\/p>\n<p align=\"justify\">Profesor Zbigniew Grabowski by\u0142 promotorem 19 zako\u0144czonych przewod\u00f3w doktorskich, 2 spo\u015br\u00f3d tych doktor\u00f3w uzyska\u0142o stopie\u0144 doktora habilitowanego. By\u0142 promotorem ponad 200 prac dyplomowych. Doktorantami Profesora byli pracownicy Jego Zak\u0142adu i innych polskich instytucji naukowych i technicznych, a tak\u017ce liczne grono os\u00f3b z zagranicy. Jest autorem wielu recenzji prac doktorskich i habilitacyjnych jako recenzent powo\u0142any przez Rady Wydzia\u0142\u00f3w, jak i Centraln\u0105 Komisj\u0119 ds. Tytu\u0142\u00f3w i Stopni Naukowych.<\/p>\n<p align=\"justify\">Otrzyma\u0142 Profesor nagrody Ministra Szkolnictwa Wy\u017cszego, odznaczony jest Krzy\u017cem Oficerskim i Kawalerskim O.O.P., Z\u0142otym i Srebrnym Krzy\u017cem Zas\u0142ugi, Medalem Komisji Edukacji Narodowej, Srebrnym i Z\u0142oty Medalem za Zas\u0142ugi dla obronno\u015bci kraju, Zas\u0142u\u017cony Nauczyciel oraz szeregiem odznak honorowych jak Z\u0142ota Odznaka PZITB, Sitkom, ZNP, Z\u0142ota Odznaka Zas\u0142u\u017cony dla Politechniki Warszawskiej, Zas\u0142u\u017cony dla Budownictwa i Przemys\u0142u Materia\u0142\u00f3w Budowlanych, Za Zas\u0142ugi dla Warszawy, Zas\u0142u\u017cony dla Warmii i Mazur, wojew\u00f3dztwa Lubelskiego i Katowickiego.<\/p>\n<p align=\"justify\">Profesor Zbigniew Grabowski od lat dzia\u0142a spo\u0142ecznie w\u00a0r\u00f3\u017cnych organizacjach, m.in. od 1993 roku w Krajowej Radzie Nauki ZNP , w Polskim Komitecie UNICEF od 1995 roku \u2013 jako wiceprezes Kapitu\u0142y Orderu U\u015bmiechu od 1994 roku, w\u00a0Polskim Komitecie Normalizacyjnym od 1997 r.<\/p>\n<p align=\"justify\">Profesor Zbigniew Grabowski jest nadal w pe\u0142ni si\u0142 tw\u00f3rczych. Ostatnie lata to intensywna praca Profesora w Polskiej Izbie In\u017cynier\u00f3w Budownictwa. W 2002 roku Prof. Zbigniew Grabowski, na mocy Zarz\u0105dzenia Ministra Infrastruktury, zosta\u0142 powo\u0142any na przewodnicz\u0105cego Komitetu Organizacyjnego Polskiej Izby In\u017cynier\u00f3w Budownictwa, a nast\u0119pnie w wyborach zosta\u0142 wybrany na Prezesa Krajowej Rady Polskiej Izby In\u017cynier\u00f3w Budownictwa, kt\u00f3r\u0105 to funkcj\u0119 pe\u0142ni do dzisiaj. W\u00a0Izbie Profesor dzia\u0142a na rzecz podniesienia i utrzymania rangi samorz\u0105du zawodowego zawodu zaufania publicznego, jakim jest zaw\u00f3d in\u017cyniera budowlanego oraz pozycji budownictwa w\u00a0gospodarce krajowej.<\/p>\n<p align=\"justify\">Obszarem dzia\u0142alno\u015bci naukowej, in\u017cynierskiej i organizacyjnej Profesora by\u0142a, jest i b\u0119dzie zawsze geotechnika oraz jej ranga i rola w dziedzinie in\u017cynierii l\u0105dowej. Przez prawie 20\u00a0lat by\u0142 przewodnicz\u0105cym Polskiego Komitetu Geotechniki, a obecnie nadal bierze czynny udzia\u0142 w pracach Zarz\u0105du PKG.\u00a0 Nieodczuwalno\u015b\u0107 up\u0142ywu czasu sprawia, \u017ce trudno uwierzy\u0107, i\u017c Prof. dr hab. in\u017c. Zbigniew Grabowski dnia 8 marca 2010 roku uko\u0144czy\u0142 80 lat. Nic bowiem nie wskazuje na ten Jubileusz \u2013 ani energia w dzia\u0142aniu na wielu polach naukowych i technicznych, ani aktywno\u015b\u0107 spo\u0142eczna, ani te\u017c styl bycia.<\/p>\n<p align=\"justify\">S\u0142owa te, pisane w imieniu spo\u0142eczno\u015bci akademickiej Instytutu Dr\u00f3g i Most\u00f3w Politechniki Warszawskiej, nie s\u0105 zatem, bo by\u0107 nie mog\u0105, pr\u00f3b\u0105 podsumowania dzia\u0142alno\u015bci Jubilata, ale stanowi\u0105 raczej okoliczno\u015bciow\u0105 not\u0119, zach\u0119caj\u0105c\u0105 do dalszej aktywno\u015bci, prowadzonej w innych ni\u017c dotychczas uwarunkowaniach formalnych.<\/p>\n<p align=\"justify\">Niech t\u0119 not\u0119 biograficzn\u0105 zwie\u0144cz\u0105 najlepsze \u017cyczenia dalszej aktywno\u015bci naukowej, technicznej, edukacyjnej i organizacyjnej, ukierunkowanej na og\u00f3lny po\u017cytek i rozw\u00f3j in\u017cynierii l\u0105dowej w Polsce, szczeg\u00f3lnie za\u015b ukochanej przez Jubilata geotechniki oraz \u017cyczenia dobrego zdrowia i wszelkiego dobra w\u00a0\u017cyciu osobistym, wspartego szczer\u0105 ludzk\u0105 \u017cyczliwo\u015bci\u0105.<\/p>\n<p align=\"justify\">\n<em>Dr hab. in\u017c. Anna Siemi\u0144ska-Lewandowska, prof. PW<br \/>\nProf. dr hab. in\u017c. Wojciech Radomski<br \/>\nPolitechnika Warszawska<\/em><\/p>\n","protected":false},"excerpt":{"rendered":"<p>Profesor Zbigniew Grabowski 8 marca 2010 r. obchodzi\u0142 Jubileusz 80-lecia. Z tej okazji w Instytucie Dr\u00f3g i Most\u00f3w Politechniki Warszawskiej odby\u0142o si\u0119 wsp\u00f3lne uroczyste posiedzenie Kolegium Instytutu i Zak\u0142adu Geotechniki i\u00a0Budowli Podziemnych, kt\u00f3rymi to jednostkami Profesor kierowa\u0142 przez wiele lat. A oto kr\u00f3tki \u017cyciorys Jubilata. Profesor Zbigniew Grabowski urodzi\u0142 si\u0119 dnia 8 marca 1930 roku [&hellip;]<\/p>\n","protected":false},"author":1,"featured_media":0,"parent":256,"menu_order":0,"comment_status":"closed","ping_status":"closed","template":"","meta":{"footnotes":""},"class_list":["post-293","page","type-page","status-publish","hentry"],"_links":{"self":[{"href":"https:\/\/www.geotechnika.org.pl\/index.php?rest_route=\/wp\/v2\/pages\/293","targetHints":{"allow":["GET"]}}],"collection":[{"href":"https:\/\/www.geotechnika.org.pl\/index.php?rest_route=\/wp\/v2\/pages"}],"about":[{"href":"https:\/\/www.geotechnika.org.pl\/index.php?rest_route=\/wp\/v2\/types\/page"}],"author":[{"embeddable":true,"href":"https:\/\/www.geotechnika.org.pl\/index.php?rest_route=\/wp\/v2\/users\/1"}],"replies":[{"embeddable":true,"href":"https:\/\/www.geotechnika.org.pl\/index.php?rest_route=%2Fwp%2Fv2%2Fcomments&post=293"}],"version-history":[{"count":1,"href":"https:\/\/www.geotechnika.org.pl\/index.php?rest_route=\/wp\/v2\/pages\/293\/revisions"}],"predecessor-version":[{"id":295,"href":"https:\/\/www.geotechnika.org.pl\/index.php?rest_route=\/wp\/v2\/pages\/293\/revisions\/295"}],"up":[{"embeddable":true,"href":"https:\/\/www.geotechnika.org.pl\/index.php?rest_route=\/wp\/v2\/pages\/256"}],"wp:attachment":[{"href":"https:\/\/www.geotechnika.org.pl\/index.php?rest_route=%2Fwp%2Fv2%2Fmedia&parent=293"}],"curies":[{"name":"wp","href":"https:\/\/api.w.org\/{rel}","templated":true}]}}