{"id":345,"date":"2015-01-27T19:52:22","date_gmt":"2015-01-27T19:52:22","guid":{"rendered":"http:\/\/www.geotechnika.org.pl\/?page_id=345"},"modified":"2017-11-06T07:42:22","modified_gmt":"2017-11-06T07:42:22","slug":"regulamin-przyznawania-certyfikatow-pkg","status":"publish","type":"page","link":"https:\/\/www.geotechnika.org.pl\/?page_id=345","title":{"rendered":"Regulamin przyznawania certyfikat\u00f3w PKG"},"content":{"rendered":"<p style=\"text-align: center;\"><strong>\u00a7 1<\/strong><br \/>\n<strong> Rodzaje certyfikat\u00f3w<\/strong><\/p>\n<ol>\n<li>Przyznaje si\u0119 dwa rodzaje certyfikat\u00f3w: indywidualne i zbiorowe.<\/li>\n<li>Certyfikat indywidualny potwierdza wysokie kwalifikacje i kompetencje cz\u0142onka PKG do\u00a0wykonywania prac geotechnicznych o charakterze badawczym, projektowym, opiniodawczym, eksperckim oraz wykonawczym i nadzorczym. Certyfikat indywidualny PKG uprawnia do wykonywania geotechnicznych bada\u0144 laboratoryjnych i polowych gruntu, projektowania geotechnicznego, sprawowania specjalistycznego nadzoru geotechnicznego, wykonywania specjalistycznych rob\u00f3t geotechnicznych, sprawowania funkcji doradczych i opiniodawczych oraz wykonywania specjalistycznych ekspertyz dla nadzoru budowlanego, nadzoru g\u00f3rniczego, administracji pa\u0144stwowej i samorz\u0105dowej.<\/li>\n<li>Certyfikat zbiorowy potwierdza wyr\u00f3\u017cniaj\u0105ce si\u0119 kwalifikacje i kompetencje cz\u0142onka zbiorowego PKG do prowadzenia bada\u0144, projektowania i wykonywania rob\u00f3t geotechnicznych w dziedzinie, kt\u00f3ra jest przedmiotem jego specjalno\u015bci.<\/li>\n<\/ol>\n<p style=\"text-align: center;\"><strong>\u00a72<\/strong><br \/>\n<strong> Komisja ds. Certyfikat\u00f3w PKG<\/strong><\/p>\n<ol>\n<li>Zarz\u0105d PKG powo\u0142uje na pocz\u0105tku kadencji Komisj\u0119 ds. Certyfikat\u00f3w PKG.<\/li>\n<li>Sk\u0142ad osobowy Komisji ds. Certyfikat\u00f3w PKG w liczbie przynajmniej 3 cz\u0142onk\u00f3w powo\u0142uje Zarz\u0105d PKG.<\/li>\n<\/ol>\n<p style=\"text-align: center;\"><strong>\u00a0<\/strong><br \/>\n<strong>\u00a73<\/strong><br \/>\n<strong> Przyznawanie certyfikat\u00f3w<\/strong><\/p>\n<ol>\n<li>Certyfikat indywidualny przyznaje Prezydent PKG na podstawie wniosku zaopiniowanego przez Komisj\u0119 ds. Certyfikat\u00f3w PKG.<\/li>\n<li>Certyfikat zbiorowy przyznaje Prezydent PKG na podstawie wniosku zaopiniowanego przez Komisj\u0119 ds. Certyfikat\u00f3w PKG.<\/li>\n<\/ol>\n<p style=\"text-align: center;\"><strong>\u00a74<\/strong><br \/>\n<strong> Warunki przyznawania certyfikat\u00f3w<\/strong><\/p>\n<ol>\n<li>Certyfikat indywidualny mo\u017ce uzyska\u0107 cz\u0142onek zwyczajny PKG, kt\u00f3ry posiada odpowiednie wykszta\u0142cenie, praktyk\u0119 i dorobek zawodowy z dziedziny geotechniki:\n<ul>\n<li>dyplom uko\u0144czenia wy\u017cszej uczelni, umo\u017cliwiaj\u0105cy podj\u0119cie pracy w zakresie dzia\u0142ania geotechniki,<\/li>\n<li>co najmniej 3 letni sta\u017c pracy zawodowej, kt\u00f3rej g\u0142\u00f3wnym przedmiotem by\u0142y badania geotechniczne, projektowanie, lub wykonawstwo rob\u00f3t,<\/li>\n<li>co najmniej 3 letni sta\u017c cz\u0142onkowski PKG,<\/li>\n<li>wykona\u0142 w okresie ostatnich 3 lat samodzielnie lub jako wsp\u00f3\u0142autor co najmniej 5\u00a0opracowa\u0144 geotechnicznych, zaopiniowanych na pi\u015bmie przez cz\u0142onka PKG posiadaj\u0105cego certyfikat indywidualny PKG,<\/li>\n<li>zda\u0142 z wynikiem pozytywnym egzamin kwalifikacyjny,<\/li>\n<li>ma op\u0142acone na bie\u017c\u0105co sk\u0142adki cz\u0142onkowskie PKG,<\/li>\n<li>ui\u015bci\u0142 op\u0142at\u0119 regulaminow\u0105 zwi\u0105zan\u0105 z przyznaniem certyfikatu w wysoko\u015bci ustalonej przez Zarz\u0105d PKG.<\/li>\n<\/ul>\n<p>Certyfikat mo\u017ce by\u0107 przekazany cz\u0142onkowi PKG dopiero po uiszczeniu przez niego op\u0142aty regulaminowej i uregulowaniu zaleg\u0142ych sk\u0142adek cz\u0142onkowskich.<\/li>\n<li>Certyfikat zbiorowy mo\u017ce by\u0107 przyznany cz\u0142onkowi wspieraj\u0105cemu PKG, kt\u00f3rego jednym z g\u0142\u00f3wnych przedmiot\u00f3w dzia\u0142alno\u015bci jest geotechnika lub wybrana dziedzina geotechniki. Wniosek o przyznanie certyfikatu zbiorowego cz\u0142onkowi wspieraj\u0105cemu PKG powinien zawiera\u0107:\n<ul>\n<li>informacj\u0119 techniczno-organizacyjn\u0105 o dzia\u0142alno\u015bci i osi\u0105gni\u0119ciach wnioskodawcy w uprawianej dziedzinie geotechniki, oraz o odpowiednim profilu zawodowym personelu,<\/li>\n<li>przedstawienie charakterystyki technicznej z opisem co najmniej 5 prac z zakresu geotechniki, wykonanych przez cz\u0142onka wspieraj\u0105cego w okresie ostatnich 3 lat i zaopiniowanych na pi\u015bmie przez dw\u00f3ch cz\u0142onk\u00f3w zwyczajnych terytorialnie w\u0142a\u015bciwego Oddzia\u0142u PKG posiadaj\u0105cych certyfikaty indywidualne PKG,<\/li>\n<li>deklaracj\u0119 o wysoko\u015bci op\u0142aty regulaminowej w wysoko\u015bci ustalonej przez Zarz\u0105d PKG,<\/li>\n<li>certyfikat mo\u017ce by\u0107 przekazany cz\u0142onkowi wspieraj\u0105cemu dopiero po op\u0142aceniu op\u0142aty regulaminowej i uregulowaniu zaleg\u0142ych sk\u0142adek cz\u0142onkowskich.<\/li>\n<\/ul>\n<\/li>\n<\/ol>\n<p style=\"text-align: center;\"><strong>\u00a75<\/strong><br \/>\n<strong> Egzamin kwalifikacyjny<\/strong><\/p>\n<ol>\n<li>Prezydium Zarz\u0105du PKG powo\u0142uje Komisj\u0119 Egzaminacyjn\u0105 na wniosek Komisji ds.\u00a0Certyfikat\u00f3w PKG.<\/li>\n<li>Komisja Egzaminacyjna sk\u0142ada si\u0119 z co najmniej 3 cz\u0142onk\u00f3w PKG posiadaj\u0105cych co najmniej 5-letni sta\u017c cz\u0142onkowski i certyfikaty indywidualne PKG.<\/li>\n<li>Komisja Egzaminacyjna mo\u017ce przeprowadza\u0107 egzaminy dwa razy w roku: wiosn\u0105 i jesieni\u0105. Terminy i miejsca egzamin\u00f3w ustala ka\u017cdorazowo Przewodnicz\u0105cy Komisji ds.\u00a0Certyfikat\u00f3w.<\/li>\n<li>Egzamin kwalifikacyjny jest egzaminem testowym i problemowym oraz obejmuje zakres merytoryczny geotechniki, tre\u015b\u0107 rozporz\u0105dzenia MSWiA w sprawie ustalania warunk\u00f3w geotechnicznych posadowienia obiekt\u00f3w budowlanych, a tak\u017ce znajomo\u015b\u0107 prawa budowlanego, w tym mi\u0119dzy innymi:\n<ul>\n<li>badania laboratoryjne i polowe grunt\u00f3w,<\/li>\n<li>wytrzyma\u0142o\u015b\u0107 i odkszta\u0142calno\u015b\u0107 o\u015brodka gruntowego,<\/li>\n<li>no\u015bno\u015b\u0107 i stateczno\u015b\u0107 budowli,<\/li>\n<li>technologie rob\u00f3t geotechnicznych w r\u00f3\u017cnych warunkach wodno-gruntowych,<\/li>\n<li>projektowanie geotechniczne.<\/li>\n<\/ul>\n<\/li>\n<li>Pytania egzaminacyjne przygotowuje Komisja PKG ds. Nauczania Geotechniki. Ostateczny wykaz pyta\u0144 w liczbie co najmniej 100 zatwierdza Prezydium Zarz\u0105du PKG. Pytania testowe s\u0105 tajne i nie mog\u0105 by\u0107 udost\u0119pniane zdaj\u0105cym egzamin kwalifikacyjny.<\/li>\n<li>Egzamin testowy powinien obejmowa\u0107 40 pyta\u0144, w tym co najmniej 10 pyta\u0144 z prawa budowlanego i rozporz\u0105dze\u0144 dotycz\u0105cych geotechniki. Wyb\u00f3r 40 pyta\u0144 testowych na konkretny egzamin kwalifikacyjny nale\u017cy do Komisji ds. Certyfikat\u00f3w.<\/li>\n<li>Egzamin testowy mo\u017ce by\u0107 zaliczony na podstawie 70% odpowiedzi poprawnych.<\/li>\n<li>Pytania egzaminu problemowego ustalane s\u0105 przez Komisj\u0119 Egzaminacyjn\u0105.<\/li>\n<\/ol>\n<p style=\"text-align: center;\"><strong>\u00a76<\/strong><br \/>\n<strong> Postanowienia og\u00f3lne<\/strong><\/p>\n<ol>\n<li>Certyfikat indywidualny przyznaje si\u0119 na czas nieokre\u015blony, zbiorowy na okres 5 lat. Polski Komitet Geotechniki prowadzi rejestr przyznanych certyfikat\u00f3w.<\/li>\n<li>Polski Komitet Geotechniki mo\u017ce cofn\u0105\u0107 lub zawiesi\u0107 certyfikat w uzasadnionych przypadkach, gdy posiadacz certyfikatu utraci\u0142 zdolno\u015b\u0107 wiarygodnego prowadzenia dzia\u0142alno\u015bci w dziedzinie geotechniki lub nie op\u0142aca co najmniej przez rok sk\u0142adek cz\u0142onkowskich.<\/li>\n<li>Skre\u015blenie z rejestru certyfikat\u00f3w z powodu utraty wiarygodno\u015bci prowadzenia dzia\u0142alno\u015bci nast\u0119puje na podstawie uchwa\u0142y Zarz\u0105du PKG na wniosek Komisji ds.\u00a0Certyfikat\u00f3w, natomiast skre\u015blenie z powodu nieop\u0142acania sk\u0142adek nast\u0119puje na\u00a0wniosek Skarbnika PKG.<\/li>\n<li>Rejestr wydanych certyfikat\u00f3w PKG mo\u017ce by\u0107 publikowany na stronie internetowej Polskiego Komitetu Geotechniki, na \u0142amach \u201eIn\u017cynierii Morskiej i Geotechniki\u201d, \u201eIn\u017cynierii i Budownictwa\u201d, \u201eMuratora\u201d lub innych czasopism bran\u017cowych.<\/li>\n<li>Certyfikat wydaje si\u0119 w postaci dyplomu.<\/li>\n<li>Aktualn\u0105 siedzib\u0105 Komisji ds. Certyfikat\u00f3w PKG jest siedziba Przewodnicz\u0105cego Komisji.<\/li>\n<li>Zmiany regulaminu wymagaj\u0105 uchwa\u0142y Walnego Zebrania Delegat\u00f3w PKG.<\/li>\n<li>Regulamin wchodzi w \u017cycie z dniem przyj\u0119cia go przez Walne Zebranie Delegat\u00f3w PKG i obowi\u0105zuje a\u017c do odwo\u0142ania.<\/li>\n<\/ol>\n<p style=\"text-align: right;\">Prezydent Polskiego Komitetu Geotechniki<\/p>\n<p style=\"text-align: right;\">\u00a0\u00a0\u00a0\u00a0\u00a0\u00a0\u00a0\u00a0\u00a0\u00a0\u00a0\u00a0\u00a0\u00a0\u00a0\u00a0\u00a0\u00a0\u00a0\u00a0\u00a0\u00a0\u00a0\u00a0\u00a0\u00a0\u00a0\u00a0\u00a0\u00a0\u00a0\u00a0\u00a0\u00a0\u00a0\u00a0\u00a0\u00a0\u00a0\u00a0\u00a0\u00a0\u00a0\u00a0\u00a0\u00a0\u00a0\u00a0\u00a0\u00a0\u00a0\u00a0\u00a0\u00a0\u00a0\u00a0\u00a0\u00a0\u00a0\u00a0\u00a0\u00a0\u00a0\u00a0\u00a0\u00a0\u00a0\u00a0\u00a0\u00a0 \u00a0\u00a0\u00a0\u00a0\u00a0\u00a0\u00a0\u00a0 \/ Alojzy Szyma\u0144ski \/<\/p>\n","protected":false},"excerpt":{"rendered":"<p>\u00a7 1 Rodzaje certyfikat\u00f3w Przyznaje si\u0119 dwa rodzaje certyfikat\u00f3w: indywidualne i zbiorowe. Certyfikat indywidualny potwierdza wysokie kwalifikacje i kompetencje cz\u0142onka PKG do\u00a0wykonywania prac geotechnicznych o charakterze badawczym, projektowym, opiniodawczym, eksperckim oraz wykonawczym i nadzorczym. Certyfikat indywidualny PKG uprawnia do wykonywania geotechnicznych bada\u0144 laboratoryjnych i polowych gruntu, projektowania geotechnicznego, sprawowania specjalistycznego nadzoru geotechnicznego, wykonywania specjalistycznych rob\u00f3t [&hellip;]<\/p>\n","protected":false},"author":1,"featured_media":0,"parent":262,"menu_order":1,"comment_status":"closed","ping_status":"closed","template":"","meta":{"footnotes":""},"class_list":["post-345","page","type-page","status-publish","hentry"],"_links":{"self":[{"href":"https:\/\/www.geotechnika.org.pl\/index.php?rest_route=\/wp\/v2\/pages\/345","targetHints":{"allow":["GET"]}}],"collection":[{"href":"https:\/\/www.geotechnika.org.pl\/index.php?rest_route=\/wp\/v2\/pages"}],"about":[{"href":"https:\/\/www.geotechnika.org.pl\/index.php?rest_route=\/wp\/v2\/types\/page"}],"author":[{"embeddable":true,"href":"https:\/\/www.geotechnika.org.pl\/index.php?rest_route=\/wp\/v2\/users\/1"}],"replies":[{"embeddable":true,"href":"https:\/\/www.geotechnika.org.pl\/index.php?rest_route=%2Fwp%2Fv2%2Fcomments&post=345"}],"version-history":[{"count":10,"href":"https:\/\/www.geotechnika.org.pl\/index.php?rest_route=\/wp\/v2\/pages\/345\/revisions"}],"predecessor-version":[{"id":1217,"href":"https:\/\/www.geotechnika.org.pl\/index.php?rest_route=\/wp\/v2\/pages\/345\/revisions\/1217"}],"up":[{"embeddable":true,"href":"https:\/\/www.geotechnika.org.pl\/index.php?rest_route=\/wp\/v2\/pages\/262"}],"wp:attachment":[{"href":"https:\/\/www.geotechnika.org.pl\/index.php?rest_route=%2Fwp%2Fv2%2Fmedia&parent=345"}],"curies":[{"name":"wp","href":"https:\/\/api.w.org\/{rel}","templated":true}]}}