{"id":835,"date":"2015-04-23T20:19:32","date_gmt":"2015-04-23T20:19:32","guid":{"rendered":"http:\/\/www.geotechnika.org.pl\/?page_id=835"},"modified":"2015-05-05T18:55:35","modified_gmt":"2015-05-05T18:55:35","slug":"prof-dr-hab-inz-zbigniew-marek-lechowicz","status":"publish","type":"page","link":"https:\/\/www.geotechnika.org.pl\/?page_id=835","title":{"rendered":"Prof. dr hab. in\u017c. Zbigniew Marek Lechowicz"},"content":{"rendered":"<hr \/>\n<p>Szko\u0142a G\u0142\u00f3wna Gospodarstwa Wiejskiego, Katedra Geoin\u017cynierii<img loading=\"lazy\" decoding=\"async\" class=\"alignright size-full wp-image-836\" src=\"http:\/\/www.geotechnika.org.pl\/wp-content\/uploads\/2015\/04\/Zbigniew-Marek-Lechowicz.jpg\" alt=\"Zbigniew Marek Lechowicz\" width=\"136\" height=\"188\" \/><br \/>\nul. Nowoursynowska 159, 02-776 Warszawa<br \/>\ntel. s\u0142u\u017c.: +48 22 593 52 00, 593 52 20<br \/>\nfax: +48 22 593 52 03<br \/>\ntel. kom. +48 504 273 398<br \/>\ne-mail: zbigniew_lechowicz@sggw.pl<\/p>\n<p><strong>Kwalifikacje i uprawnienia<\/strong><br \/>\nStudia magisterskie i doktoranckie na Wydziale Melioracji Wodnych SGGW w Warszawie. Stopie\u0144 doktora habilitowanego nauk technicznych w dyscyplinie budownictwo na Wydziale Hydrotechniki Politechniki Gda\u0144skiej. Profesor nauk technicznych w zakresie Budownictwa. Kierownik Katedry Geoin\u017cynierii na Wydziale Budownictwa i In\u017cynierii \u015arodowiska SGGW w Warszawie. Sekretarz Oddzia\u0142u Sto\u0142ecznego Polskiego Komitetu Geotechniki (1997-1999), Przewodnicz\u0105cy Oddzia\u0142u Sto\u0142ecznego Polskiego Komitetu Geotechniki (1999-2002), Sekretarz Naukowy Polskiego Komitetu Geotechniki (2002-2008), Prezydent Polskiego Komitetu Geotechniki (2008-2014), V-ce Prezydent Polskiego Komitetu Geotechniki. V-ce Przewodnicz\u0105cy Sekcji Geotechniki Komitetu In\u017cynierii L\u0105dowej i Wodnej PAN (1999-2004), cz\u0142onek Komitetu In\u017cynierii L\u0105dowej i Wodnej PAN, cz\u0142onek Sekcji Konstrukcji Hydrotechnicznych Komitetu In\u017cynierii L\u0105dowej i Wodnej PAN, cz\u0142onek Sekcji Geotechniki i Infrastruktury Podziemnej Komitetu In\u017cynierii L\u0105dowej i Wodnej PAN. Cz\u0142onek Zarz\u0105du International Society for Soil Mechanics and Geotechnical Engineering ISSMGE (2008-2014), cz\u0142onek Komitetu Technicznego TC10 ISSMGE (2002-2005), cz\u0142onek TC36 ISSMGE (2005-2010), cz\u0142onek Komitetu Technicznego TC214 ISSMGE. Certyfikat Polskiego Komitetu Geotechniki Nr 0091. Uprawnienia geologiczne Nr VI-0350, uprawnienia bieg\u0142ego w zakresie sporz\u0105dzania ocen oddzia\u0142ywania na \u015brodowisko Nr 0097, Rzeczoznawca NOT w zakresie geologii i geotechniki Nr 1893. Sta\u017ce zagraniczne: Politechnika w Gothenburgu, Szwecja; Uniwersytet McGill w Montrealu, Kanada; Polservice-Teco w Badush, Irak oraz Szwedzki Instytut Geotechniczny w Link\u00f6ping, Szwecja. Wyk\u0142ady za granic\u0105: Uniwersytet w Kuchingu, Malezja; Uniwersytet Cardiff, Wielka Brytania; Uniwersytet w Kalmar, Szwecja; Uniwersytet w Darmstadt, Niemcy; Instytut IFA-Tulln, Austria; GeoDelft w Delft, Holandia oraz Uniwersytet Marche, W\u0142ochy.<\/p>\n<p><strong>Osi\u0105gni\u0119cia zawodowe<\/strong><br \/>\nNadzory naukowe i inwestorskie w zakresie budownictwa i in\u017cynierii \u015brodowiska w Polsce, Szwecji, Kanadzie i Iraku. Opracowania i ekspertyzy dotycz\u0105ce potrzeb posadowienia budowli, oceny stanu technicznego oraz modernizacji i remont\u00f3w budowli ziemnych, betonowych i drogowych. Uczestnictwo w opracowaniu technologii oraz nadz\u00f3r nad wykonaniem i zagospodarowaniem sk\u0142adowiska produkt\u00f3w ropopochodnych w Kanadzie. Konsultacje i wdro\u017cenia podczas realizacji etapowej budowy zap\u00f3r oraz oceny stanu technicznego hydrotechnicznych budowli ziemnych i oceny warunk\u00f3w posadowienia wybranych stacji i tuneli I i II linii Metra w Warszawie. Praktyczne zastosowanie r\u00f3\u017cnych sposob\u00f3w posadowienia budowli w trudnych warunkach geotechnicznych wraz z doskonaleniem technik badawczych i obliczeniowych. Opracowanie metody oceny konsolidacyjnego wzmocnienia grunt\u00f3w organicznych na potrzeby posadowienia nasyp\u00f3w. Wsp\u00f3\u0142autor trzech patent\u00f3w i ponad 150 prac naukowo-badawczych i ekspertyz. Kierowanie czterema projektami badawczymi oraz udzia\u0142 jako g\u0142\u00f3wny wykonawca w siedmiu projektach badawczych. Autor ponad 90 publikacji, wsp\u00f3\u0142autor 7 ksi\u0105\u017cek i monografii, promotor 8 prac doktorskich oraz ponad 90 prac in\u017cynierskich i magisterskich oraz ponad 20 prac na studiach podyplomowych.<br \/>\n\u2022 wykonywanie i interpretacja bada\u0144 laboratoryjnych i terenowych s\u0142u\u017c\u0105cych wyznaczaniu parametr\u00f3w do projektowania i ocenie stanu obiekt\u00f3w budowlanych,<br \/>\n\u2022 konsultacje w zakresie oceny warunk\u00f3w geotechnicznych oraz projektowania geotechnicznego,<br \/>\n\u2022 konsultacje w zakresie wykorzystania oblicze\u0144 numerycznych w projektowaniu i monitorowaniu budowli hydrotechnicznych i komunikacyjnych.<\/p>\n","protected":false},"excerpt":{"rendered":"<p>Szko\u0142a G\u0142\u00f3wna Gospodarstwa Wiejskiego, Katedra Geoin\u017cynierii ul. Nowoursynowska 159, 02-776 Warszawa tel. s\u0142u\u017c.: +48 22 593 52 00, 593 52 20 fax: +48 22 593 52 03 tel. kom. +48 504 273 398 e-mail: zbigniew_lechowicz@sggw.pl Kwalifikacje i uprawnienia Studia magisterskie i doktoranckie na Wydziale Melioracji Wodnych SGGW w Warszawie. Stopie\u0144 doktora habilitowanego nauk technicznych w [&hellip;]<\/p>\n","protected":false},"author":1,"featured_media":0,"parent":41,"menu_order":0,"comment_status":"closed","ping_status":"closed","template":"","meta":{"footnotes":""},"class_list":["post-835","page","type-page","status-publish","hentry"],"_links":{"self":[{"href":"https:\/\/www.geotechnika.org.pl\/index.php?rest_route=\/wp\/v2\/pages\/835","targetHints":{"allow":["GET"]}}],"collection":[{"href":"https:\/\/www.geotechnika.org.pl\/index.php?rest_route=\/wp\/v2\/pages"}],"about":[{"href":"https:\/\/www.geotechnika.org.pl\/index.php?rest_route=\/wp\/v2\/types\/page"}],"author":[{"embeddable":true,"href":"https:\/\/www.geotechnika.org.pl\/index.php?rest_route=\/wp\/v2\/users\/1"}],"replies":[{"embeddable":true,"href":"https:\/\/www.geotechnika.org.pl\/index.php?rest_route=%2Fwp%2Fv2%2Fcomments&post=835"}],"version-history":[{"count":2,"href":"https:\/\/www.geotechnika.org.pl\/index.php?rest_route=\/wp\/v2\/pages\/835\/revisions"}],"predecessor-version":[{"id":889,"href":"https:\/\/www.geotechnika.org.pl\/index.php?rest_route=\/wp\/v2\/pages\/835\/revisions\/889"}],"up":[{"embeddable":true,"href":"https:\/\/www.geotechnika.org.pl\/index.php?rest_route=\/wp\/v2\/pages\/41"}],"wp:attachment":[{"href":"https:\/\/www.geotechnika.org.pl\/index.php?rest_route=%2Fwp%2Fv2%2Fmedia&parent=835"}],"curies":[{"name":"wp","href":"https:\/\/api.w.org\/{rel}","templated":true}]}}