{"id":856,"date":"2015-04-23T20:53:17","date_gmt":"2015-04-23T20:53:17","guid":{"rendered":"http:\/\/www.geotechnika.org.pl\/?page_id=856"},"modified":"2015-04-23T20:55:47","modified_gmt":"2015-04-23T20:55:47","slug":"dr-hab-inz-joanna-katarzyna-bzowka-prof-nadzwyczajny-w-politechnice-slaskiej","status":"publish","type":"page","link":"https:\/\/www.geotechnika.org.pl\/?page_id=856","title":{"rendered":"Dr hab. in\u017c. Joanna Katarzyna Bz\u00f3wka, prof. nadzwyczajny w Politechnice \u015al\u0105skiej"},"content":{"rendered":"<hr \/>\n<p><img loading=\"lazy\" decoding=\"async\" class=\"alignright size-medium wp-image-858\" src=\"http:\/\/www.geotechnika.org.pl\/wp-content\/uploads\/2015\/04\/Joanna-Katarzyna-Bz\u00f3wka-233x300.jpg\" alt=\"Joanna Katarzyna Bz\u00f3wka\" width=\"233\" height=\"300\" srcset=\"https:\/\/www.geotechnika.org.pl\/wp-content\/uploads\/2015\/04\/Joanna-Katarzyna-Bz\u00f3wka-233x300.jpg 233w, https:\/\/www.geotechnika.org.pl\/wp-content\/uploads\/2015\/04\/Joanna-Katarzyna-Bz\u00f3wka-796x1024.jpg 796w, https:\/\/www.geotechnika.org.pl\/wp-content\/uploads\/2015\/04\/Joanna-Katarzyna-Bz\u00f3wka.jpg 1251w\" sizes=\"auto, (max-width: 233px) 100vw, 233px\" \/>Politechnika \u015al\u0105ska, Wydzia\u0142 Budownictwa<br \/>\nKatedra Geotechniki i Dr\u00f3g<br \/>\nul. Akademicka 5, 44-100 Gliwice<br \/>\ntel.: + 48 32 237 28 23<br \/>\nfax: + 48 32 237 28 73<br \/>\ne-mail: Joanna.Bzowka@polsl.pl<\/p>\n<p>Absolwentka Wydzia\u0142u Budownictwa Politechniki \u015al\u0105skiej oraz Instytutu Wy\u017cszej Kultury Religijnej przy Katolickim Uniwersytecie Lubelskim (1993).<br \/>\nStopie\u0144 naukowy doktora nauk technicznych uzyska\u0142a w roku 2002,<br \/>\na stopie\u0144 doktora habilitowanego w specjalno\u015bci \u201egeotechnika\u201d w roku 2009.<br \/>\nObszar zainteresowa\u0144 naukowych i badawczych obejmuje m.in.: w\u0142a\u015bciwo\u015bci fizyko-mechaniczne grunt\u00f3w rodzimych i antropogenicznych, modele obliczeniowe pod\u0142o\u017ca gruntowego, wsp\u00f3\u0142prac\u0119 budowli z pod\u0142o\u017cem gruntowym oraz metody wzmacniania s\u0142abego pod\u0142o\u017ca gruntowego.<br \/>\nJest autork\u0105 lub wsp\u00f3\u0142autork\u0105 ponad 100 publikacji w czasopismach krajowych<br \/>\ni zagranicznych, w tym kilkunastu referat\u00f3w opublikowanych na konferencjach krajowych i zagranicznych.<br \/>\nPromotorka ponad 100 prac dyplomowych in\u017cynierskich i magisterskich, recenzentka ponad 90 prac dyplomowych i ponad 80 artyku\u0142\u00f3w i referat\u00f3w konferencyjnych oraz<br \/>\n1 podr\u0119cznika akademickiego. Jest autork\u0105 ponad 70 ekspertyz, opinii i projekt\u00f3w. Ponadto, jest recenzentk\u0105 NCN, NCBiR i MIUR (W\u0142ochy).<br \/>\nW ramach dzia\u0142alno\u015bci organizacyjnej pe\u0142ni\u0142a m.in. funkcje: Przewodnicz\u0105cej Komitetu Organizacyjnego V i XI Konferencji Naukowej Doktorant\u00f3w Wydzia\u0142\u00f3w Budownictwa (2004, 2011), Sekretarza Komitetu Organizacyjnego XIII Krajowej Konferencji Mechaniki Grunt\u00f3w i Fundamentowania oraz II Og\u00f3lnopolskiej Konferencji M\u0142odych Geotechnik\u00f3w \u201eProblemy geotechniczne teren\u00f3w g\u00f3rniczych\u201d (2003). By\u0142a wsp\u00f3\u0142organizatorem Mi\u0119dzynarodowej Konferencji ICEE 2005, INEER \u201eInternational Conference on Engineering Education\u201d, kt\u00f3ra odby\u0142a si\u0119 w Gliwicach w lipcu 2005 roku.<br \/>\nZa prac\u0119 doktorsk\u0105 pt.: \u201eObliczeniowy model pala wykonanego technik\u0105 wysokoci\u015bnieniowej iniekcji strumieniowej (jet grouting)&#8221; zosta\u0142a wyr\u00f3\u017cniona przez Ministra Infrastruktury oraz nagrodzona przez Rektora Politechniki \u015al\u0105skiej. Ponadto, nagrodzona Br\u0105zowym Krzy\u017cem Zas\u0142ugi, a tak\u017ce nagrodami Rektora za dzia\u0142alno\u015b\u0107 naukow\u0105, dydaktyczn\u0105 i organizacyjn\u0105.<br \/>\nPosiada Certyfikat Polskiego Komitetu Geotechniki oraz uprawnienia budowlane do projektowania i kierowania robotami budowlanymi bez ogranicze\u0144 w specjalno\u015bci drogowej. Jest wsp\u00f3\u0142autork\u0105 podr\u0119cznika akademickiego \u201eGeotechnika komunikacyjna\u201d.<br \/>\nJest cz\u0142onkiem: Polskiego Komitetu Geotechniki PKG, Mi\u0119dzynarodowego Stowarzyszenia Mechaniki Grunt\u00f3w i Fundamentowania ISSMFE, Polskiego Zwi\u0105zku In\u017cynier\u00f3w i Technik\u00f3w Budownictwa, Komitetu Nauki PZiTB, Deep Foundations Institute oraz DFI Europe, Cz\u0142onkiem-za\u0142o\u017cycielem International Geosynthetics Society Polish Charter, Cz\u0142onkiem Komitetu Technicznego nr 254 ds. Geotechniki Polskiego Komitetu Normalizacyjnego, \u015al\u0105skiej Okr\u0119gowej Izby In\u017cynier\u00f3w Budownictwa, Komisji In\u017cynierii Budowlanej &#8211; Prezydium Oddzia\u0142u PAN w Katowicach, Sekcji Geotechniki i Infrastruktury Podziemnej Komitetu In\u017cynierii L\u0105dowej i Wodnej Polskiej Nauk.<br \/>\nOd 2007 roku do 2013 pe\u0142ni\u0142a funkcj\u0119 Sekretarza Redakcyjnego Czasopisma \u201eArchitecture \u2013 Civil Engineering \u2013 Environment ACEE\u201d, a od 2014 roku jest Redaktorem Dzia\u0142owym Budownictwa tego\u017c Czasopisma.<br \/>\nOd 1 pa\u017adziernika 2010 roku pe\u0142ni funkcj\u0119 Kierownika Studi\u00f3w doktoranckich na Wydziale Budownictwa Politechniki \u015al\u0105skiej oraz Opiekuna Konferencji Naukowych Doktorant\u00f3w Wydzia\u0142\u00f3w Budownictwa.<br \/>\nOd 1 wrze\u015bnia 2013 roku pe\u0142ni funkcj\u0119 Kierownika Katedry Geotechniki i Dr\u00f3g na Wydziale Budownictwa Politechniki \u015al\u0105skiej.<\/p>\n","protected":false},"excerpt":{"rendered":"<p>Politechnika \u015al\u0105ska, Wydzia\u0142 Budownictwa Katedra Geotechniki i Dr\u00f3g ul. Akademicka 5, 44-100 Gliwice tel.: + 48 32 237 28 23 fax: + 48 32 237 28 73 e-mail: Joanna.Bzowka@polsl.pl Absolwentka Wydzia\u0142u Budownictwa Politechniki \u015al\u0105skiej oraz Instytutu Wy\u017cszej Kultury Religijnej przy Katolickim Uniwersytecie Lubelskim (1993). Stopie\u0144 naukowy doktora nauk technicznych uzyska\u0142a w roku 2002, a stopie\u0144 [&hellip;]<\/p>\n","protected":false},"author":1,"featured_media":0,"parent":41,"menu_order":0,"comment_status":"closed","ping_status":"closed","template":"","meta":{"footnotes":""},"class_list":["post-856","page","type-page","status-publish","hentry"],"_links":{"self":[{"href":"https:\/\/www.geotechnika.org.pl\/index.php?rest_route=\/wp\/v2\/pages\/856","targetHints":{"allow":["GET"]}}],"collection":[{"href":"https:\/\/www.geotechnika.org.pl\/index.php?rest_route=\/wp\/v2\/pages"}],"about":[{"href":"https:\/\/www.geotechnika.org.pl\/index.php?rest_route=\/wp\/v2\/types\/page"}],"author":[{"embeddable":true,"href":"https:\/\/www.geotechnika.org.pl\/index.php?rest_route=\/wp\/v2\/users\/1"}],"replies":[{"embeddable":true,"href":"https:\/\/www.geotechnika.org.pl\/index.php?rest_route=%2Fwp%2Fv2%2Fcomments&post=856"}],"version-history":[{"count":3,"href":"https:\/\/www.geotechnika.org.pl\/index.php?rest_route=\/wp\/v2\/pages\/856\/revisions"}],"predecessor-version":[{"id":860,"href":"https:\/\/www.geotechnika.org.pl\/index.php?rest_route=\/wp\/v2\/pages\/856\/revisions\/860"}],"up":[{"embeddable":true,"href":"https:\/\/www.geotechnika.org.pl\/index.php?rest_route=\/wp\/v2\/pages\/41"}],"wp:attachment":[{"href":"https:\/\/www.geotechnika.org.pl\/index.php?rest_route=%2Fwp%2Fv2%2Fmedia&parent=856"}],"curies":[{"name":"wp","href":"https:\/\/api.w.org\/{rel}","templated":true}]}}